{"id":6188,"date":"2025-12-15T00:09:34","date_gmt":"2025-12-15T00:09:34","guid":{"rendered":"https:\/\/dejameleerenpaz.com\/?page_id=6188"},"modified":"2025-12-15T00:23:11","modified_gmt":"2025-12-15T00:23:11","slug":"codigo-de-conducta","status":"publish","type":"page","link":"https:\/\/dejameleerenpaz.com\/index.php\/codigo-de-conducta\/","title":{"rendered":"C\u00d3DIGO DE CONDUCTA"},"content":{"rendered":"<div class=\"wp-block-image\">\n<figure class=\"aligncenter size-large\"><img fetchpriority=\"high\" decoding=\"async\" width=\"791\" height=\"1024\" src=\"https:\/\/dejameleerenpaz.com\/wp-content\/uploads\/2025\/12\/POLITICA-ORGANIZACIONAL-CODIGO-DE-CONDUCTA_page-0001-791x1024.jpg\" alt=\"\" class=\"wp-image-6191\" srcset=\"https:\/\/dejameleerenpaz.com\/wp-content\/uploads\/2025\/12\/POLITICA-ORGANIZACIONAL-CODIGO-DE-CONDUCTA_page-0001-791x1024.jpg 791w, https:\/\/dejameleerenpaz.com\/wp-content\/uploads\/2025\/12\/POLITICA-ORGANIZACIONAL-CODIGO-DE-CONDUCTA_page-0001-232x300.jpg 232w, https:\/\/dejameleerenpaz.com\/wp-content\/uploads\/2025\/12\/POLITICA-ORGANIZACIONAL-CODIGO-DE-CONDUCTA_page-0001-768x994.jpg 768w, https:\/\/dejameleerenpaz.com\/wp-content\/uploads\/2025\/12\/POLITICA-ORGANIZACIONAL-CODIGO-DE-CONDUCTA_page-0001-1187x1536.jpg 1187w, https:\/\/dejameleerenpaz.com\/wp-content\/uploads\/2025\/12\/POLITICA-ORGANIZACIONAL-CODIGO-DE-CONDUCTA_page-0001-1583x2048.jpg 1583w, https:\/\/dejameleerenpaz.com\/wp-content\/uploads\/2025\/12\/POLITICA-ORGANIZACIONAL-CODIGO-DE-CONDUCTA_page-0001-scaled.jpg 1978w\" sizes=\"(max-width: 791px) 100vw, 791px\" \/><\/figure>\n<\/div>\n\n<div class=\"wp-block-image\">\n<figure class=\"aligncenter size-large\"><img decoding=\"async\" width=\"791\" height=\"1024\" src=\"https:\/\/dejameleerenpaz.com\/wp-content\/uploads\/2025\/12\/POLITICA-ORGANIZACIONAL-CODIGO-DE-CONDUCTA_page-0002-791x1024.jpg\" alt=\"\" class=\"wp-image-6193\" srcset=\"https:\/\/dejameleerenpaz.com\/wp-content\/uploads\/2025\/12\/POLITICA-ORGANIZACIONAL-CODIGO-DE-CONDUCTA_page-0002-791x1024.jpg 791w, https:\/\/dejameleerenpaz.com\/wp-content\/uploads\/2025\/12\/POLITICA-ORGANIZACIONAL-CODIGO-DE-CONDUCTA_page-0002-232x300.jpg 232w, https:\/\/dejameleerenpaz.com\/wp-content\/uploads\/2025\/12\/POLITICA-ORGANIZACIONAL-CODIGO-DE-CONDUCTA_page-0002-768x994.jpg 768w, https:\/\/dejameleerenpaz.com\/wp-content\/uploads\/2025\/12\/POLITICA-ORGANIZACIONAL-CODIGO-DE-CONDUCTA_page-0002-1187x1536.jpg 1187w, https:\/\/dejameleerenpaz.com\/wp-content\/uploads\/2025\/12\/POLITICA-ORGANIZACIONAL-CODIGO-DE-CONDUCTA_page-0002-1583x2048.jpg 1583w, https:\/\/dejameleerenpaz.com\/wp-content\/uploads\/2025\/12\/POLITICA-ORGANIZACIONAL-CODIGO-DE-CONDUCTA_page-0002-scaled.jpg 1978w\" sizes=\"(max-width: 791px) 100vw, 791px\" \/><\/figure>\n<\/div>\n\n<div class=\"wp-block-image\">\n<figure class=\"aligncenter size-large\"><img decoding=\"async\" width=\"791\" height=\"1024\" src=\"https:\/\/dejameleerenpaz.com\/wp-content\/uploads\/2025\/12\/POLITICA-ORGANIZACIONAL-CODIGO-DE-CONDUCTA_page-0003-791x1024.jpg\" alt=\"\" class=\"wp-image-6194\" srcset=\"https:\/\/dejameleerenpaz.com\/wp-content\/uploads\/2025\/12\/POLITICA-ORGANIZACIONAL-CODIGO-DE-CONDUCTA_page-0003-791x1024.jpg 791w, https:\/\/dejameleerenpaz.com\/wp-content\/uploads\/2025\/12\/POLITICA-ORGANIZACIONAL-CODIGO-DE-CONDUCTA_page-0003-232x300.jpg 232w, https:\/\/dejameleerenpaz.com\/wp-content\/uploads\/2025\/12\/POLITICA-ORGANIZACIONAL-CODIGO-DE-CONDUCTA_page-0003-768x994.jpg 768w, https:\/\/dejameleerenpaz.com\/wp-content\/uploads\/2025\/12\/POLITICA-ORGANIZACIONAL-CODIGO-DE-CONDUCTA_page-0003-1187x1536.jpg 1187w, https:\/\/dejameleerenpaz.com\/wp-content\/uploads\/2025\/12\/POLITICA-ORGANIZACIONAL-CODIGO-DE-CONDUCTA_page-0003-1583x2048.jpg 1583w, https:\/\/dejameleerenpaz.com\/wp-content\/uploads\/2025\/12\/POLITICA-ORGANIZACIONAL-CODIGO-DE-CONDUCTA_page-0003-scaled.jpg 1978w\" sizes=\"(max-width: 791px) 100vw, 791px\" \/><\/figure>\n<\/div>\n\n<div class=\"wp-block-image\">\n<figure class=\"aligncenter size-large\"><img loading=\"lazy\" decoding=\"async\" width=\"791\" height=\"1024\" src=\"https:\/\/dejameleerenpaz.com\/wp-content\/uploads\/2025\/12\/POLITICA-ORGANIZACIONAL-CODIGO-DE-CONDUCTA_page-0004-791x1024.jpg\" alt=\"\" class=\"wp-image-6195\" srcset=\"https:\/\/dejameleerenpaz.com\/wp-content\/uploads\/2025\/12\/POLITICA-ORGANIZACIONAL-CODIGO-DE-CONDUCTA_page-0004-791x1024.jpg 791w, https:\/\/dejameleerenpaz.com\/wp-content\/uploads\/2025\/12\/POLITICA-ORGANIZACIONAL-CODIGO-DE-CONDUCTA_page-0004-232x300.jpg 232w, https:\/\/dejameleerenpaz.com\/wp-content\/uploads\/2025\/12\/POLITICA-ORGANIZACIONAL-CODIGO-DE-CONDUCTA_page-0004-768x994.jpg 768w, https:\/\/dejameleerenpaz.com\/wp-content\/uploads\/2025\/12\/POLITICA-ORGANIZACIONAL-CODIGO-DE-CONDUCTA_page-0004-1187x1536.jpg 1187w, https:\/\/dejameleerenpaz.com\/wp-content\/uploads\/2025\/12\/POLITICA-ORGANIZACIONAL-CODIGO-DE-CONDUCTA_page-0004-1583x2048.jpg 1583w, https:\/\/dejameleerenpaz.com\/wp-content\/uploads\/2025\/12\/POLITICA-ORGANIZACIONAL-CODIGO-DE-CONDUCTA_page-0004-scaled.jpg 1978w\" sizes=\"(max-width: 791px) 100vw, 791px\" \/><\/figure>\n<\/div>\n\n\n<h3 class=\"wp-block-heading has-text-align-center\"><strong>Canal Institucional de Denuncias<\/strong><\/h3>\n\n\n\n<p class=\"has-text-align-center has-black-color has-luminous-vivid-amber-background-color has-text-color has-background has-link-color wp-elements-8069837bc0459d53d1d90c9df81b8562\">Correo electr\u00f3nico: <a><strong>denuncias@dejameleerenpaz.com<\/strong><\/a><\/p>\n\n\n\n<p class=\"has-text-align-left\">Este canal confidencial ha sido dispuesto por la Fundaci\u00f3n<strong> <\/strong>para la recepci\u00f3n de denuncias relacionadas con conductas inapropiadas del personal, voluntarios o colaboradores, en el marco de los principios \u00e9ticos, la transparencia y el respeto por la dignidad humana. La informaci\u00f3n recibida ser\u00e1 tratada con estricta reserva, garantizando la confidencialidad, la protecci\u00f3n de los datos personales y el debido proceso, conforme a los lineamientos internos de la Fundaci\u00f3n y la normativa vigente.<\/p>\n","protected":false},"excerpt":{"rendered":"<div class=\"mh-excerpt\"><p>Canal Institucional de Denuncias Correo electr\u00f3nico: denuncias@dejameleerenpaz.com Este canal confidencial <a class=\"mh-excerpt-more\" href=\"https:\/\/dejameleerenpaz.com\/index.php\/codigo-de-conducta\/\" title=\"C\u00d3DIGO DE CONDUCTA\">[&#8230;]<\/a><\/p>\n<\/div>","protected":false},"author":1,"featured_media":0,"parent":0,"menu_order":0,"comment_status":"closed","ping_status":"closed","template":"","meta":{"footnotes":""},"class_list":["post-6188","page","type-page","status-publish","hentry"],"_links":{"self":[{"href":"https:\/\/dejameleerenpaz.com\/index.php\/wp-json\/wp\/v2\/pages\/6188","targetHints":{"allow":["GET"]}}],"collection":[{"href":"https:\/\/dejameleerenpaz.com\/index.php\/wp-json\/wp\/v2\/pages"}],"about":[{"href":"https:\/\/dejameleerenpaz.com\/index.php\/wp-json\/wp\/v2\/types\/page"}],"author":[{"embeddable":true,"href":"https:\/\/dejameleerenpaz.com\/index.php\/wp-json\/wp\/v2\/users\/1"}],"replies":[{"embeddable":true,"href":"https:\/\/dejameleerenpaz.com\/index.php\/wp-json\/wp\/v2\/comments?post=6188"}],"version-history":[{"count":4,"href":"https:\/\/dejameleerenpaz.com\/index.php\/wp-json\/wp\/v2\/pages\/6188\/revisions"}],"predecessor-version":[{"id":6199,"href":"https:\/\/dejameleerenpaz.com\/index.php\/wp-json\/wp\/v2\/pages\/6188\/revisions\/6199"}],"wp:attachment":[{"href":"https:\/\/dejameleerenpaz.com\/index.php\/wp-json\/wp\/v2\/media?parent=6188"}],"curies":[{"name":"wp","href":"https:\/\/api.w.org\/{rel}","templated":true}]}}